 4*h = 2*t - 16864. List the prime factors of t.
2, 41, 103
Let a = 7307 - 4649. Suppose -3*x + a = 5*k, 36*x - 38*x = k - 1765. What are the prime factors of x?
881
Let h(b) = 2*b + 0 - 5 - 2*b**3 - 5*b**2 + 0*b**3 + 3*b**3. Let t be h(5). Suppose -t*q = -39 - 141. List the prime factors of q.
2, 3
Suppose 10534 = 3*h + 4*u - 6933, 4*h - 4*u - 23280 = 0. List the prime factors of h.
5821
Let o(p) = -27*p**2 - 35*p + 146. Let f be o(5). Let w = -220 - f. List the prime factors of w.
2, 11
Suppose z + 12 = 4*t + 2*z, -3*t + 4*z + 28 = 0. Suppose t*g - 1864 = 1128. What are the prime factors of g?
2, 11, 17
Let o = -39483 - -57322. What are the prime factors of o?
17839
Let i = 146 - 234. List the prime factors of (i/32)/((-2)/648).
3, 11
Suppose -697*d - 171055 = -702*d. List the prime factors of d.
34211
Suppose t - 46547 = -76*z + 71*z, 3*t + z - 139739 = 0. What are the prime factors of t?
2, 23291
Let q be (-56)/140*(2/(-2) + -4). Suppose 0 = -q*v + 438 - 324. List the prime factors of v.
3, 19
Suppose -2*s + 3*s = 89. Let t = s + -92. What are the prime factors of 84/6*(16 - t)?
2, 7, 19
Suppose 5*g = -3*z + 61369, 6*g - 49082 = 2*g + 2*z. List the prime factors of g.
2, 13, 59
Let g(x) = -x**2 + 118*x + 2337. What are the prime factors of g(69)?
2, 3, 953
Suppose 2*d = -25*t + 21*t + 32568, 16284 = d - 4*t. List the prime factors of d.
2, 3, 23, 59
Let k(a) be the second derivative of -a**4/12 - a**3 + 9*a**2 - 2*a. Let h be k(-10). What are the prime factors of (1 - 0)*(-1364)/h?
2, 31
Let x(v) = 25*v**2 + 28*v + 35. Let u be x(-6). Let a(k) = -k**2 + 121. Let l be a(0). Suppose 8*p - u - l = 0. What are the prime factors of p?
3, 37
Let q(k) = k**3 - 10*k**2 - 4*k - 17. Let b be q(10). Let w = 62 + b. Suppose 3*j = -0*j + 5*f - 19, 2*j - w*f = -21. What are the prime factors of j?
2
Let s(r) = -40*r**3 + 2*r**2 + 34*r + 293. What are the prime factors of s(-7)?
13873
Suppose -y = 5*d + 2*y - 47, -3*d = -3*y - 33. Let v(a) = a**3 - 17*a**2 + 14*a + 31. Let u be v(16). What are the prime factors of d/(-15)*u*36?
2, 3
Suppose -7*t + 10*t + 18 = 0. Let a be (-5 - (2 - 6))*t. List the prime factors of a/(-2) + 1/(1/165).
2, 3
Let s = 30453 - 15533. List the prime factors of s.
2, 5, 373
Suppose -12*w = -9*w - 3285. Let d = 640 - w. Let s = -324 - d. What are the prime factors of s?
131
Let v(c) = 4*c**3 + 26*c**2 - 6*c + 4. Let u = 151 - 157. List the prime factors of v(u).
2, 7
Suppose 2311*j = 2312*j + 45. What are the prime factors of 3252/10*(-150)/j?
2, 271
Let r(g) = -9*g + 1432 + 7*g**2 - 5*g - 1359. List the prime factors of r(9).
2, 257
Let w(z) = z**3 - 7*z**2 + 6*z - 15. Let d be w(6). Let s = d + -15. Let l = 91 + s. What are the prime factors of l?
61
Suppose -5*h + 244920 = 5*w, -59926 = -h + 4*w - 10967. List the prime factors of h.
7, 6997
Let s = 4086 + -4080. Suppose 4*y = 27 + 45. What are the prime factors of (-14*y)/((-9)/s)?
2, 3, 7
Let j(b) = -268*b - 143. List the prime factors of j(-34).
8969
Let p(s) = 1701*s - 2832. What are the prime factors of p(8)?
2, 3, 449
Suppose 5*b + 4*r + 401 = 2*r, -r = -2*b - 164. Let n = b - -87. Let s(q) = 4*q**2 - 7*q - 9. List the prime factors of s(n).
3, 31
List the prime factors of (536/(-3))/(-8)*645*1.
5, 43, 67
Suppose z - 24979 = -2*a, z + 69*a - 24975 = 66*a. List the prime factors of z.
3, 8329
Let n(z) = 4*z**3 + 4*z**2 + 20*z - 133. What are the prime factors of n(4)?
3, 89
Suppose 0 = -3*l + 4*y + 107512, 7*l - 71672 = 5*l + 3*y. List the prime factors of l.
2, 4481
Let g = 151 - -35. Let x = -77 + g. Suppose t - 4*n = x, -t + 22 = 3*n - 73. What are the prime factors of t?
101
Suppose -1006*h + 970*h = -136080. List the prime factors of h.
2, 3, 5, 7
Suppose 0 = -3*d + 12, 3*q + 4*d - 139394 = 5*d. List the prime factors of q.
2, 7, 3319
Suppose 14*z = -1101 + 1157. Let m be 4/(0 - (-2)/178). Suppose z*o + m = 8*o. List the prime factors of o.
89
Let c(q) = q**3 + 12*q**2 - 2*q - 5. Let o be c(-10). Let n be (-4)/(-18) + o/45. Let u(b) = b**3 - b**2 - 6*b. What are the prime factors of u(n)?
2, 5, 7
Let u = 887 + -472. Suppose 2*i = t - i - 405, -t + u = -i. List the prime factors of t.
2, 3, 5, 7
Let f(g) = -g**2 + 77*g + 175. Let z be 10/(-16)*280/(-5). What are the prime factors of f(z)?
5, 7, 47
Let a be (-8)/3*(-6)/(-4). Let o(m) = 211*m**3 + 206*m**3 - 633*m**3 - 4*m - 7 + 215*m**3. List the prime factors of o(a).
73
Let y(v) be the second derivative of 43*v**3/6 + 19*v**2/2 - 6*v. Let i be y(3). Suppose 5*a = a + i. What are the prime factors of a?
37
Let j be -3 - -4 - -1*1. Suppose -j*z - 14 = -2*n, 4*n = 2*z - 9 + 31. List the prime factors of (-135)/(-21) + z + 8/14.
2
Suppose -3*a + 72 = -312. Let s = a - 56. Suppose -5*f - s = -7*f. What are the prime factors of f?
2, 3
Suppose 700 = t - 6*t. Let q = t + 290. What are the prime factors of q?
2, 3, 5
Let w(d) = -137*d - 5559. What are the prime factors of w(-80)?
11, 491
What are the prime factors of 298/(-596) + (1 + (-2038)/(-4))*9?
2, 2297
Suppose -b + 17877 = 2*u, -4*b - 61*u + 57*u + 71484 = 0. What are the prime factors of b?
3, 5, 397
Suppose 0 = -151*w - 1510204 + 4658856. List the prime factors of w.
2, 13, 401
Let n(b) = -2*b**2 - 22*b - 31. Let d be n(-12). Let u = 24 - d. What are the prime factors of u?
79
Let b(s) = 55*s**2 + 347*s - 168. What are the prime factors of b(-29)?
2, 3, 19, 79
List the prime factors of 753 + (8/(-48) - (-100)/24).
757
Let w(f) = -2*f**3 - 151*f**2 + 362*f + 184. What are the prime factors of w(-79)?
3, 1697
Let k = -430 - -376. List the prime factors of ((-14194)/(-453))/((-1)/k - 0).
2, 3, 47
Let i(o) = 3278*o + 40. Let v be i(4). Suppose -4452 = 15*k - v. List the prime factors of k.
2, 5, 29
Let i(x) be the first derivative of -2*x**2 - 11*x - 22 + 4*x - 8*x. What are the prime factors of i(-5)?
5
Suppose -29 = -4*p + g + 4*g, -g = -3*p + 19. Let q(m) = m**3 - m**2 - m + 7. List the prime factors of q(p).
181
Let q = 377 - 53. Suppose -q - 99 = -l. List the prime factors of l.
3, 47
List the prime factors of (182793/(-52))/((-3)/8).
2, 43, 109
Let r be (28/8 - 5)*(-230)/15. Suppose -10*z - 5980 = -r*z. List the prime factors of z.
2, 5, 23
Suppose z + 10326 = 3*p, 7*z - 12*z + 13806 = 4*p. What are the prime factors of p?
2, 3, 7, 41
Let p(z) = z**3 - 13*z**2 - 29*z + 18. Let n be p(11). Let i = n + 983. List the prime factors of i.
2, 5, 11
Let c = 2295 - 1416. What are the prime factors of (8/(-6))/(-4)*c?
293
Let r(h) = 76630*h + 542. What are the prime factors of r(1)?
2, 3, 59, 109
Suppose 5*c = -5*v + 67 + 168, 3*v = 3*c - 117. Suppose -a - l = -73, -a + c = -0*a - 5*l. What are the prime factors of a?
2, 17
Suppose -29*h + 24*h + 10 = 0. Suppose 0 = 3*b - h*b. Suppose -y = 5*d - 43, 2*d + b*d = -y + 58. List the prime factors of y.
2, 17
Suppose 3*d + 9031 = x, 45*x - 42*x - 4*d = 27068. List the prime factors of x.
2, 7, 23
Suppose 6*g = -4*r + 44268, g + 3*r - 6*r - 7378 = 0. What are the prime factors of g?
2, 7, 17, 31
Let y(l) = -7*l**2 - l - 34. Let a(j) = -6*j**2 - j - 33. Let g(f) = -6*a(f) + 5*y(f). List the prime factors of g(-13).
2, 23
Let b be (98/4)/(27/6 - 4). Suppose -2*f + 265 = -b. Let g = f - 99. List the prime factors of g.
2, 29
Suppose -5*t - 2*v + 13274 = -32283, 5*t - v - 45539 = 0. List the prime factors of t.
9109
Let n(t) = -2 + 2 + 11 + t**2 + 8*t - 2*t. Let f be n(-7). List the prime factors of ((-5)/(20/f))/(18/(-96)).
2, 3
Suppose -578560 = -94*g + 113489 + 583249. List the prime factors of g.
13567
Let m(g) = 54*g. Let l be m(-1). Let x = 35 - l. What are the prime factors of x?
89
Let p = -145 - -798. Suppose -345 = -g + 4*h, -h + p + 1051 = 5*g. What are the prime factors of g?
11, 31
Suppose 0 = 3*w + f - 145, 0 = 3*w + 3*f - f - 146. Suppose 8*z = 10*z - w. Suppose -2*t = -t - z. What are the prime factors of t?
2, 3
Suppose -3250*n + 3271*n = 777336. What are the prime factors of n?
2, 7, 661
Let g(n) = 5*n - 1. Let d(y) = y**2 - 23*y + 4. Let h be d(23). Suppose -h*s = 3*w - 34 - 2, 4*s = 3*w + 12. List the prime factors of g(s).
29
Suppose 0 + 240 = 6*d. Suppose 3*f = -9, 0*w - 4*f - d = -4*w. Suppose -69 = -w*p + 946. List the prime factors of p.
5, 29
Let y = -1388 - -8993. List the prime factors of y.
3, 5, 13
